6
Let n(m) = 23*m**2 - 394*m - 7141. What is the hundreds digit of n(-18)?
4
Let t = 659 - -2703. What is the tens digit of t?
6
Let j = -1110 + 7655. What is the tens digit of j?
4
Let n = -20840 - -56189. What is the ten thousands digit of n?
3
Suppose 0 = 117*r - 108*r - 57861. What is the tens digit of r?
2
Let g be 3 + -1 + (-36)/(-18). What is the tens digit of ((-354)/8)/((-33)/8 + g)?
5
Let h(n) = -2*n + 36. Let b be h(6). Suppose -3*x + 2*p - 30 = 0, -x + 5*p = -1 + b. What is the hundreds digit of (x/(-10))/((-6)/(-780))?
1
Let q(y) = -y**3 - 20*y**2 - 44*y - 33. Let x be q(-17). Let s = x + 490. What is the hundreds digit of s?
3
Suppose 205*s + 3*i - 52552 = 201*s, -2*s - i + 26274 = 0. What is the hundreds digit of s?
1
What is the units digit of (17/((-357)/74466))/(-2*1)?
3
Suppose -g + 4*o = 9*o - 16, -4 = -4*o. Suppose 0 = 5*x + g*x - 4640. What is the units digit of x?
0
Let v(j) = 2*j + 41. Let s be v(-16). Suppose -83 = -s*r + 502. Let a = r + -48. What is the units digit of a?
7
Let l be -86 - (-2 - 0)*5/(-10). Let f = 96 + l. What is the tens digit of 6 + -1 + 115 + f?
2
Suppose 3*l = 2*i + 3*i + 6, -l = -4*i - 2. Let a be 6/4*-2*1. What is the units digit of (-1040)/15*a/l?
4
Suppose j = 2*j + 2, 2 = -2*g + 5*j. What is the units digit of 3 - 4876/(-12) - (-2)/g?
9
Let f(k) = 86*k - 10. Let c be f(4). Suppose 35*j - c = 33*j. What is the tens digit of j?
6
Let t(h) = -h**3 - 9*h**2 - 164*h + 4. What is the hundreds digit of t(-16)?
4
Let k(c) = 11*c**2 - 74*c - 596. What is the thousands digit of k(40)?
4
Let p = 11883 + -94. What is the tens digit of p?
8
Suppose -206 = -o - 223. What is the units digit of 34/12*8 - o/51?
3
Let p = 7056 - 5375. What is the hundreds digit of p?
6
Let z(x) = -8*x - 46. Let r be z(-6). Let t be (23/4 - r)/((-2)/96). Let s = 277 + t. What is the tens digit of s?
9
Suppose 3*v = 5*z + 6243, v - 3*v = z - 4162. What is the tens digit of v?
8
Let x be (-12)/7*(-56)/16. Suppose -x*b + 45 + 9 = 0. Suppose -4*p + 7*p = r + 75, -3*r - b = 0. What is the units digit of p?
4
Suppose -6*d - 28 = -2*i - d, i = -d + 28. Let v be i/3*(-1)/(2 + -1). Let p(k) = k**2 - 9*k + 14. What is the hundreds digit of p(v)?
1
Let x = -179 + 278. What is the units digit of ((-2552)/6)/((-66)/x)?
8
Let q(c) be the third derivative of c**5/30 + 17*c**4/24 + 11*c**3/2 - 53*c**2. What is the hundreds digit of q(9)?
3
Let w(j) = 31*j - 70. Let m be w(10). Suppose -5*x + 3*a + 187 = -110, 0 = -4*x + 3*a + m. What is the units digit of x?
7
Let r(u) = 8*u**2 - 10*u + 20. Let l = -256 + 88. Let v be ((-30)/35)/((-4)/(l/(-9))). What is the units digit of r(v)?
8
Suppose 16*u = 13*u + 2760. Suppose 4*n = 4*j - u, 5*n - 304 = -3*j + 410. What is the hundreds digit of j?
2
Suppose a - 2*f - 2297 = -826, 5*a + 4*f - 7383 = 0. What is the hundreds digit of a?
4
Suppose -23368*r + 23355*r + 88868 = 0. What is the units digit of r?
6
Let x(z) = -z**3 + 39*z**2 - 68*z + 24. Let g be x(37). Suppose -3*w + 455 - 102 = 2*h, 0 = 2*w + 4*h - g. What is the hundreds digit of w?
1
Suppose 4*s - 6*s + 3*m = -6318, -8 = 4*m. What is the thousands digit of s?
3
Suppose -2*y = 3*k - 17*k + 91424, -4 = 2*y. What is the tens digit of k?
3
Suppose 49*d - 39461 + 10796 = 0. Suppose -d = -p + 289. What is the tens digit of p?
7
Suppose 64*q + 3653 = 65*q. Suppose l = -1, -5*h + 5*l = 2*l - q. What is the tens digit of h?
3
Let j = 67014 + -27766. What is the tens digit of j/96 - 3/(-18)?
0
Let h(x) = -549*x + 3120. What is the tens digit of h(-86)?
3
Let j = 5 + -9. Let g be ((0 - j) + 1)*1. What is the units digit of 91 - -6*g/(-10)?
8
Suppose -5*w + 12 = 3*y + 44, 29 = -3*y - 2*w. What is the hundreds digit of y - -7 - (-3 + -79*3)?
2
What is the tens digit of (-70597)/(-13) - 1314/(-2847)?
3
Let n(u) = 2*u**2 + 4*u - 3. Let q be n(6). Let r = q + -23. What is the units digit of (-4)/14 + 4990/r?
1
Let y be 141 + (4 - (-4)/4). Let t = 274 - y. What is the tens digit of t?
2
Suppose 4*t = -0*t + 52. Let r(c) = c - 13. Let g be r(t). Suppose g = -12*a + 4*a + 840. What is the hundreds digit of a?
1
Let v be (5 - 5)/3 + 81/1. Suppose -361 = -8*a - v. What is the tens digit of a?
3
Let l = -9 - -14. Suppose -1072 = -4*q - l*c, -18*q + 5*c = -23*q + 1345. What is the tens digit of q?
7
Suppose 0 = -25*x + 7*x + 3960. What is the hundreds digit of (x - 24/4) + -3?
2
Let n(j) = 253*j**2 - 16*j + 4. Let t be n(2). Let p = t - 508. What is the hundreds digit of p?
4
Suppose 0 = 2*r - 0*r + 5*r. Let k(h) = -33*h + 419. What is the tens digit of k(r)?
1
Suppose 26114 = -6*q + 79640. What is the hundreds digit of q?
9
Suppose 2*o - 47 = -o - k, -3*k = 3*o - 45. Let x = -526 + 745. Suppose x = -13*r + o*r. What is the tens digit of r?
7
Let l(b) = -b**2 + 2*b - 23. Suppose 2*o - 78 = -4*o. Let v be l(o). Let i = 251 + v. What is the units digit of i?
5
What is the ten thousands digit of (4/(-48) + 6/8)*2252256/64?
2
Suppose -37*z + 5691 = -23338 - 8859. What is the hundreds digit of z?
0
Suppose 10 = 2*r - 0*r. Suppose 7*b - 994 = -357. Suppose -r*k = -b - 479. What is the hundreds digit of k?
1
Let g = -956 - -165. Let i = -536 - g. What is the hundreds digit of i?
2
Suppose -15*l = -24739 - 43706. What is the thousands digit of l?
4
Let d(k) = 20*k**2 + k + 1. Let w be d(-1). Let n(y) = -3*y + 66. Let r be n(w). Suppose 0 = r*q - 2*q - 280. What is the units digit of q?
0
Let p = 2146 - 1060. Suppose -68 = -3*b - 5*q + p, -2*b + 761 = -5*q. What is the hundreds digit of b?
3
Suppose -2*j + 9216 + 39680 = 4*q, -48906 = -2*j - 2*q. What is the tens digit of j?
5
Let f(s) = 112*s**2 + 56*s - 162. What is the thousands digit of f(3)?
1
Let i(l) = l**3 - 14*l**2 - 10*l - 1. Let r be i(15). Let q = r - 71. Let w(t) = 4*t**3 + 3*t**2 - 7*t + 3. What is the hundreds digit of w(q)?
1
Suppose -6*h + h + 74 = -3*a, 3*a + 4*h + 119 = 0. Let s be (a/(-12) + -4)*-48. Suppose 50 = r - s. What is the units digit of r?
0
Suppose -5*g - 483 = -5*i - 2298, -g = -2*i - 363. Suppose -g = -22*v + 1529. What is the units digit of v?
6
Suppose 0 = 41*l - 38*l - 3078. Suppose -13*k + l = 14*k. What is the tens digit of k?
3
Suppose -10 = -u - 5*a + 2, 4*u = -3*a + 14. Suppose 3*w = u*w + 215. What is the units digit of w?
5
Let y(q) = -9*q**3 + 2*q**2 + 35*q - 295. What is the units digit of y(-13)?
1
Let f = -54 - -44. Let i(n) = -29*n + 5. What is the units digit of i(f)?
5
Let h = 196 + -16. What is the units digit of h/(-25)*(-186 + 6)?
6
Let c = -17 - -15. Let w be (-8)/44 - 101/22*c. Suppose -25 = -2*n + 5*m, -n - 4*m + w = -3*m. What is the units digit of n?
0
Let z = 14013 - 8504. What is the units digit of z?
9
Let h be (1/((-8)/44))/((-3)/6). Let a(y) = 3*y**2 - 11*y - 58. What is the tens digit of a(h)?
8
Let t(d) = -8642*d**3 + 18*d**2 + 37*d + 9. What is the thousands digit of t(-2)?
9
Suppose 4942 = i - 7493. What is the thousands digit of i?
2
Let s be (-4 - (-42)/7) + 3. Suppose -s*q - 20 = 0, i - 2*q - 2*q - 339 = 0. What is the hundreds digit of i?
3
Let n = -588 + 591. What is the units digit of (-1 - -3)*(-4 - -261 - n)?
8
Let f = -720 - -723. What is the hundreds digit of (f/((-18)/4))/((-216)/132516)?
4
Suppose 0 = 3*o + u - 5*u + 228, 2*o - 2*u + 152 = 0. What is the tens digit of (567/42)/((-3)/o)?
4
Let c = -41 + 50. Suppose -2*j + 14 = 3*l, -4*j + 7 = 3*l - c*j. Suppose -h + l*h = 96. What is the units digit of h?
2
Let t = 1972 - 1046. What is the units digit of 1*(-10)/20*t/(-1)?
3
Suppose -17*f + 2*f + 453362 = 32*f. What is the units digit of f?
6
Let q(s) be the second derivative of -s**4/3 + 553*s**2 - s + 12. What is the units digit of q(0)?
6
Let z = -386 - -392. Suppose -z*l + 9108 = -0*l. What is the units digit of l?
8
Suppose 0 = 5*z - 17*z + 459312 + 8832. What is the tens digit of z?
1
Suppose -w + 5*z + 7 = 0, -z = -2*w - 5*z + 42. Suppose -14*x = -w*x + 594. What is the units digit of x?
8
Let z(w) = -214 + 3*w**3 - 35*w**2 - 2*w**3 + 229 - 136*w. What is the tens digit of z(39)?
9
Suppose -1984 = 2*j + 4*g, 2*j - 2*g = -0*g - 1966. Let n be (j/4)/((-6)/(-36)*-1). Suppose -5*f + n = 299. What is the tens digit of f?
3
Let i = -2566 + 5365. Suppose -7*y = -4*y - i. Suppose y + 75 = 9*s. What is the tens digit of s?
1
Let j(u) = -631*u - 